{"id":570,"date":"2022-02-17T14:36:34","date_gmt":"2022-02-17T14:36:34","guid":{"rendered":"https:\/\/www.globalrestructuringadvisors.com\/?page_id=570"},"modified":"2024-11-06T17:23:32","modified_gmt":"2024-11-06T17:23:32","slug":"impressum","status":"publish","type":"page","link":"https:\/\/www.globalrestructuringadvisors.com\/?page_id=570","title":{"rendered":"Impressum"},"content":{"rendered":"<h1>Impressum &#8211; Legal Disclosure<\/h1>\n<p><strong>Company information according to \u00a7 5 Telemediengesetz (TMG)<\/strong><\/p>\n<p><strong>Unternehmensangaben nach \u00a7 5 Telemediengesetz (TMG)<\/strong><\/p>\n<p>&nbsp;<\/p>\n<h3>Global Restructuring Advisors GmbH<\/h3>\n<p class=\"address\">Brienner Str. 12 DE &#8211; 80333 Munich, Germany<\/p>\n<p class=\"phone\">Phone:\u00a0<a href=\"tel:+49-89-545 65 242\">+49-89-545 65 242<\/a><\/p>\n<p class=\"mobile\">Mobile:\u00a0<a href=\"tel:+49-160-973 92 019%E2%80%AC\">+49-160-973 92 019\u202c<\/a><\/p>\n<p class=\"fax\">Fax:\u00a0<a href=\"fax:+49-89-545 65 204\">+49-89-545 65 204<\/a><\/p>\n<p class=\"email\">Email:\u00a0<a href=\"mailto:info@globalrestructuringadvisors.com\">info@globalrestructuringadvisors.com<\/a><\/p>\n<p class=\"web\">Web:\u00a0<a href=\"http:\/\/www.globalrestructuringadvisors.com\/\">www.globalrestructuringadvisors.com<\/a><\/p>\n<p>&nbsp;<\/p>\n<h3><strong>Legal Form\/Rechtsform<\/strong><\/h3>\n<p>Gesellschaft mit beschr\u00e4nkter Haftung (GmbH)<\/p>\n<p>&nbsp;<\/p>\n<h3><strong>Umsatzsteuer- und Handelsregister ID\/Sales tax and commercial register ID<\/strong><\/h3>\n<p>UST-ID: DE275550587<\/p>\n<p>Handelsregister HRB 190339<\/p>\n<p>&nbsp;<\/p>\n<h3><strong>General Manager &#8211; Representative according to<\/strong><\/h3>\n<h3><strong>GDPR <\/strong><strong>\/Gesch\u00e4ftsf\u00fchrer &#8211; Verantwortlich gem\u00e4\u00df DSGVO<\/strong><\/h3>\n<p>Dr. Oliver Maass<\/p>\n<p>Telephone: 089 545 65 242<\/p>\n<p>Email: omaass@globalrestructuringadvisors.com<\/p>\n<p>&nbsp;<\/p>\n<h3><b>Out-of-court dispute resolution\/Au\u00dfergerichtliche Streitbeilegung<\/b><\/h3>\n<p>In accordance with our obligation under Section 36 (1) of the Consumer Dispute Resolution Act (VSBG), we declare that we are neither willing nor obliged to participate in any dispute resolution proceedings before a consumer arbitration board within the meaning of Section 2 VSGB. In accordance with our obligation under the Regulation on Online Dispute Resolution in Consumer Matters, we point out that the EU platform for out-of-court online dispute resolution can be reached at the following link: http:\/\/ec.europa.eu\/consumers\/odr\/.<\/p>\n<p>You can contact us at the e-mail address info@globalrestructuringadvisors.com.<\/p>\n<p>&nbsp;<\/p>\n<p>Gem\u00e4\u00df unserer Verpflichtung nach \u00a7 36 Abs. 1 Verbraucherstreitbeilegungsgesetz (VSBG) erkl\u00e4ren wir, dass wir weder bereit, noch verpflichtet sind, an einem Streitbeilegungsverfahren vor einer Verbraucherschlichtungsstelle im Sinne des \u00a7 2 VSGB teilzunehmen. Gem\u00e4\u00df unserer Verpflichtung aus der Verordnung \u00fcber Online-Streitbeilegung in Verbraucherangelegenheiten weisen wir darauf hin, dass die Plattform der EU zur au\u00dfergerichtlichen Online-Streitbeilegung unter folgendem Link zu erreichen ist:\u00a0<a href=\"http:\/\/ec.europa.eu\/consumers\/odr\/\">http:\/\/ec.europa.eu\/consumers\/odr\/<\/a>.<\/p>\n<p>Sie k\u00f6nnen unter der E-Mail-Adresse <a href=\"mailto:info@globalrestructuringadvisors.com\">info@globalrestructuringadvisors.com<\/a> mit uns in Kontakt treten.<\/p>\n<p>&nbsp;<\/p>\n<p>&nbsp;<\/p>\n","protected":false},"excerpt":{"rendered":"<p>Impressum &#8211; Legal Disclosure Company information according to \u00a7 5  [&#8230;]<\/p>\n","protected":false},"author":1,"featured_media":0,"parent":0,"menu_order":0,"comment_status":"closed","ping_status":"closed","template":"","meta":{"footnotes":""},"class_list":["post-570","page","type-page","status-publish","hentry"],"yoast_head":"<!-- This site is optimized with the Yoast SEO plugin v27.4 - https:\/\/yoast.com\/product\/yoast-seo-wordpress\/ -->\n<title>Impressum - Global Restructuring Advisors<\/title>\n<meta name=\"robots\" content=\"index, follow, max-snippet:-1, max-image-preview:large, max-video-preview:-1\" \/>\n<link rel=\"canonical\" href=\"https:\/\/www.globalrestructuringadvisors.com\/?page_id=570\" \/>\n<meta property=\"og:locale\" content=\"en_US\" \/>\n<meta property=\"og:type\" content=\"article\" \/>\n<meta property=\"og:title\" content=\"Impressum - Global Restructuring Advisors\" \/>\n<meta property=\"og:description\" content=\"Impressum &#8211; Legal Disclosure Company information according to \u00a7 5 [...]\" \/>\n<meta property=\"og:url\" content=\"https:\/\/www.globalrestructuringadvisors.com\/?page_id=570\" \/>\n<meta property=\"og:site_name\" content=\"Global Restructuring Advisors\" \/>\n<meta property=\"article:modified_time\" content=\"2024-11-06T17:23:32+00:00\" \/>\n<meta name=\"twitter:card\" content=\"summary_large_image\" \/>\n<meta name=\"twitter:label1\" content=\"Est. reading time\" \/>\n\t<meta name=\"twitter:data1\" content=\"2 minutes\" \/>\n<script type=\"application\/ld+json\" class=\"yoast-schema-graph\">{\"@context\":\"https:\\\/\\\/schema.org\",\"@graph\":[{\"@type\":\"WebPage\",\"@id\":\"https:\\\/\\\/www.globalrestructuringadvisors.com\\\/?page_id=570\",\"url\":\"https:\\\/\\\/www.globalrestructuringadvisors.com\\\/?page_id=570\",\"name\":\"Impressum - Global Restructuring Advisors\",\"isPartOf\":{\"@id\":\"https:\\\/\\\/www.globalrestructuringadvisors.com\\\/#website\"},\"datePublished\":\"2022-02-17T14:36:34+00:00\",\"dateModified\":\"2024-11-06T17:23:32+00:00\",\"breadcrumb\":{\"@id\":\"https:\\\/\\\/www.globalrestructuringadvisors.com\\\/?page_id=570#breadcrumb\"},\"inLanguage\":\"en-US\",\"potentialAction\":[{\"@type\":\"ReadAction\",\"target\":[\"https:\\\/\\\/www.globalrestructuringadvisors.com\\\/?page_id=570\"]}]},{\"@type\":\"BreadcrumbList\",\"@id\":\"https:\\\/\\\/www.globalrestructuringadvisors.com\\\/?page_id=570#breadcrumb\",\"itemListElement\":[{\"@type\":\"ListItem\",\"position\":1,\"name\":\"Home\",\"item\":\"https:\\\/\\\/www.globalrestructuringadvisors.com\\\/\"},{\"@type\":\"ListItem\",\"position\":2,\"name\":\"Impressum\"}]},{\"@type\":\"WebSite\",\"@id\":\"https:\\\/\\\/www.globalrestructuringadvisors.com\\\/#website\",\"url\":\"https:\\\/\\\/www.globalrestructuringadvisors.com\\\/\",\"name\":\"Global Restructuring Advisors\",\"description\":\"Strategic\\\/Regulatory\\\/Clinical Consultancy for health care companies.\",\"publisher\":{\"@id\":\"https:\\\/\\\/www.globalrestructuringadvisors.com\\\/#organization\"},\"potentialAction\":[{\"@type\":\"SearchAction\",\"target\":{\"@type\":\"EntryPoint\",\"urlTemplate\":\"https:\\\/\\\/www.globalrestructuringadvisors.com\\\/?s={search_term_string}\"},\"query-input\":{\"@type\":\"PropertyValueSpecification\",\"valueRequired\":true,\"valueName\":\"search_term_string\"}}],\"inLanguage\":\"en-US\"},{\"@type\":\"Organization\",\"@id\":\"https:\\\/\\\/www.globalrestructuringadvisors.com\\\/#organization\",\"name\":\"Global Restructuring Advisors\",\"url\":\"https:\\\/\\\/www.globalrestructuringadvisors.com\\\/\",\"logo\":{\"@type\":\"ImageObject\",\"inLanguage\":\"en-US\",\"@id\":\"https:\\\/\\\/www.globalrestructuringadvisors.com\\\/#\\\/schema\\\/logo\\\/image\\\/\",\"url\":\"https:\\\/\\\/www.globalrestructuringadvisors.com\\\/wp-content\\\/uploads\\\/2019\\\/10\\\/GRA-Klassik-Logo-klein.jpg\",\"contentUrl\":\"https:\\\/\\\/www.globalrestructuringadvisors.com\\\/wp-content\\\/uploads\\\/2019\\\/10\\\/GRA-Klassik-Logo-klein.jpg\",\"width\":400,\"height\":75,\"caption\":\"Global Restructuring Advisors\"},\"image\":{\"@id\":\"https:\\\/\\\/www.globalrestructuringadvisors.com\\\/#\\\/schema\\\/logo\\\/image\\\/\"}}]}<\/script>\n<!-- \/ Yoast SEO plugin. -->","yoast_head_json":{"title":"Impressum - Global Restructuring Advisors","robots":{"index":"index","follow":"follow","max-snippet":"max-snippet:-1","max-image-preview":"max-image-preview:large","max-video-preview":"max-video-preview:-1"},"canonical":"https:\/\/www.globalrestructuringadvisors.com\/?page_id=570","og_locale":"en_US","og_type":"article","og_title":"Impressum - Global Restructuring Advisors","og_description":"Impressum &#8211; Legal Disclosure Company information according to \u00a7 5 [...]","og_url":"https:\/\/www.globalrestructuringadvisors.com\/?page_id=570","og_site_name":"Global Restructuring Advisors","article_modified_time":"2024-11-06T17:23:32+00:00","twitter_card":"summary_large_image","twitter_misc":{"Est. reading time":"2 minutes"},"schema":{"@context":"https:\/\/schema.org","@graph":[{"@type":"WebPage","@id":"https:\/\/www.globalrestructuringadvisors.com\/?page_id=570","url":"https:\/\/www.globalrestructuringadvisors.com\/?page_id=570","name":"Impressum - Global Restructuring Advisors","isPartOf":{"@id":"https:\/\/www.globalrestructuringadvisors.com\/#website"},"datePublished":"2022-02-17T14:36:34+00:00","dateModified":"2024-11-06T17:23:32+00:00","breadcrumb":{"@id":"https:\/\/www.globalrestructuringadvisors.com\/?page_id=570#breadcrumb"},"inLanguage":"en-US","potentialAction":[{"@type":"ReadAction","target":["https:\/\/www.globalrestructuringadvisors.com\/?page_id=570"]}]},{"@type":"BreadcrumbList","@id":"https:\/\/www.globalrestructuringadvisors.com\/?page_id=570#breadcrumb","itemListElement":[{"@type":"ListItem","position":1,"name":"Home","item":"https:\/\/www.globalrestructuringadvisors.com\/"},{"@type":"ListItem","position":2,"name":"Impressum"}]},{"@type":"WebSite","@id":"https:\/\/www.globalrestructuringadvisors.com\/#website","url":"https:\/\/www.globalrestructuringadvisors.com\/","name":"Global Restructuring Advisors","description":"Strategic\/Regulatory\/Clinical Consultancy for health care companies.","publisher":{"@id":"https:\/\/www.globalrestructuringadvisors.com\/#organization"},"potentialAction":[{"@type":"SearchAction","target":{"@type":"EntryPoint","urlTemplate":"https:\/\/www.globalrestructuringadvisors.com\/?s={search_term_string}"},"query-input":{"@type":"PropertyValueSpecification","valueRequired":true,"valueName":"search_term_string"}}],"inLanguage":"en-US"},{"@type":"Organization","@id":"https:\/\/www.globalrestructuringadvisors.com\/#organization","name":"Global Restructuring Advisors","url":"https:\/\/www.globalrestructuringadvisors.com\/","logo":{"@type":"ImageObject","inLanguage":"en-US","@id":"https:\/\/www.globalrestructuringadvisors.com\/#\/schema\/logo\/image\/","url":"https:\/\/www.globalrestructuringadvisors.com\/wp-content\/uploads\/2019\/10\/GRA-Klassik-Logo-klein.jpg","contentUrl":"https:\/\/www.globalrestructuringadvisors.com\/wp-content\/uploads\/2019\/10\/GRA-Klassik-Logo-klein.jpg","width":400,"height":75,"caption":"Global Restructuring Advisors"},"image":{"@id":"https:\/\/www.globalrestructuringadvisors.com\/#\/schema\/logo\/image\/"}}]}},"_links":{"self":[{"href":"https:\/\/www.globalrestructuringadvisors.com\/index.php?rest_route=\/wp\/v2\/pages\/570","targetHints":{"allow":["GET"]}}],"collection":[{"href":"https:\/\/www.globalrestructuringadvisors.com\/index.php?rest_route=\/wp\/v2\/pages"}],"about":[{"href":"https:\/\/www.globalrestructuringadvisors.com\/index.php?rest_route=\/wp\/v2\/types\/page"}],"author":[{"embeddable":true,"href":"https:\/\/www.globalrestructuringadvisors.com\/index.php?rest_route=\/wp\/v2\/users\/1"}],"replies":[{"embeddable":true,"href":"https:\/\/www.globalrestructuringadvisors.com\/index.php?rest_route=%2Fwp%2Fv2%2Fcomments&post=570"}],"version-history":[{"count":11,"href":"https:\/\/www.globalrestructuringadvisors.com\/index.php?rest_route=\/wp\/v2\/pages\/570\/revisions"}],"predecessor-version":[{"id":602,"href":"https:\/\/www.globalrestructuringadvisors.com\/index.php?rest_route=\/wp\/v2\/pages\/570\/revisions\/602"}],"wp:attachment":[{"href":"https:\/\/www.globalrestructuringadvisors.com\/index.php?rest_route=%2Fwp%2Fv2%2Fmedia&parent=570"}],"curies":[{"name":"wp","href":"https:\/\/api.w.org\/{rel}","templated":true}]}}